 = 0. What is the highest common divisor of s and 34?
2
Let j = 20634 + -8083. Calculate the highest common divisor of j and 77.
77
Suppose 4*k + 2 = d + 4, -2*k - 3*d - 6 = 0. Suppose 5*r + k*r = -5*c + 160, 0 = c - 4*r - 32. Calculate the greatest common divisor of c and 24.
8
Suppose 115 - 87 = 7*x. Suppose -65*m + 272 = -61*m. What is the highest common factor of m and x?
4
Suppose 0 = y - 15 + 6. Suppose 14*m - 105 = 7*m. What is the greatest common factor of y and m?
3
Let u be (-256)/(-6) - 30/45. Suppose -37*p = -u*p + 2065. What is the greatest common divisor of p and 7?
7
Suppose -4*p - 300*f + 295*f = -3397, -4*p + 3460 = -4*f. Suppose -107 = -4*l + 205. What is the highest common divisor of l and p?
78
Let s(b) = -b**3 + 9*b**2 - 14*b + 9. Let l be s(7). Let h be 18/(-2)*(-28)/l. Let i be 4/(-10) - 1964/(-10). Calculate the highest common divisor of i and h.
28
Let q(j) be the second derivative of j**5/20 - j**4/3 + 5*j**3/3 - 13*j**2/2 + 10*j + 3. Let z be q(6). What is the greatest common divisor of z and 17?
17
Let b(g) = g**2 + 171*g + 6944. Let h be b(-108). Calculate the greatest common factor of h and 5120.
20
Let i(c) = 9*c**2 + 20*c - 56. Let b be i(3). Suppose 3*f + 4*g - 219 = g, -f = -3*g - b. What is the highest common factor of f and 4?
4
Suppose -5*n - 13470 = -m + 12492, 3*m - 3*n - 77874 = 0. What is the highest common divisor of 257 and m?
257
Let u(k) = -2*k + 85. Let y(q) = q - 87. Let d(l) = 3*u(l) + 2*y(l). Let m be d(13). Calculate the highest common divisor of m and 58.
29
Suppose 72*y + 6 = 70*y. Let d be ((-3)/3)/((-3)/y). Let c be (d - 1/2)*2/(-3). Calculate the highest common factor of c and 7.
1
Let f = -761 - -1313. Suppose 119*u = 123*u - f. What is the greatest common factor of 6 and u?
6
Suppose -2*d + 24 + 30 = -2*i, -106 = -4*d + 3*i. Suppose -44*s + 515 + 12421 = 0. Suppose 289 = -p + s. What is the greatest common divisor of d and p?
5
Let a = 341 - 323. Let m be a/(-63) - (-86)/7. Calculate the greatest common factor of m and 42.
6
Let r(v) = v**3 - 21*v**2 + 130*v + 88. Let p be r(10). Calculate the greatest common factor of 3008 and p.
32
Let q(p) be the second derivative of -p**5/20 - p**4/2 - 7*p**3/6 - 13*p**2 + 11*p + 2. Let t be q(-6). What is the greatest common factor of t and 40?
8
Let k(r) = -64*r - 142. Let v be k(-4). Suppose -5*j + v = 3*d, 0 = 3*j - d - 60. Calculate the greatest common divisor of 105 and j.
21
Let l = -1823 - -1968. Calculate the highest common divisor of l and 348.
29
Suppose -4*l + 31 = -5*f, -l - f - 5 = 2*f. Calculate the greatest common factor of 1624 and l.
4
Let m be (-41847)/(-364) - (-1)/28. Let n = 58 + -12. What is the highest common factor of n and m?
23
Let u = -147 + 193. Suppose -12*b + u*b = 2754. Calculate the highest common divisor of b and 243.
81
Let g = 54 + -34. Suppose -4*m = 4*k - 28, 2*m + 14 - 49 = 5*k. Calculate the highest common factor of m and g.
10
Let u(r) = 43*r + 2. Let a be u(3). Let k = a - 70. Let i = k + -53. What is the highest common divisor of 40 and i?
8
Let v = 50 + -53. Let o be 1029/33 + 6/(-33). Let m = v + o. Calculate the greatest common divisor of m and 4.
4
Let i be 12/14 + -1 + 950/35. Let v(y) = -y**3 - 2*y**2 - 5*y - 7. Let w be v(-2). What is the highest common divisor of i and w?
3
Let w = 129 + -76. Suppose 34 = 4*v - 5*g, 2*v - 7*v + w = -g. Let z(j) = j**2 - j - 12. Let t be z(v). Calculate the highest common divisor of t and 42.
14
Let g = -7768 + 7795. What is the greatest common divisor of 4248 and g?
9
Let o(g) = 22*g + 440. Let f be o(-18). What is the highest common divisor of 4961 and f?
11
Let r be (37/(-1))/((-15)/45). Let j be (r/4)/(-1*2/8). Let v = j - -123. Calculate the highest common factor of 108 and v.
12
Let h(w) = 663*w**2 - 78*w - 285. Let d be h(-5). What is the highest common divisor of 30 and d?
30
Let r(j) = j**3 - 14*j**2 + 3*j - 7. Suppose -3*x + 6 = 0, -4*x - x = 4*m - 66. Let a be r(m). Calculate the greatest common factor of a and 7.
7
Suppose 0 = -4*r - v + 4396, -102*r - 5488 = -107*r - 3*v. What is the highest common factor of r and 66?
22
Suppose -675 + 73 = -26*y + 178. What is the greatest common factor of 3310 and y?
10
Suppose 5*b + 4*c - 168 = 578, -2*c = -4*b + 602. Let h = 34 + -9. Calculate the highest common factor of h and b.
25
Suppose 54*l - 1512 = 18*l. Calculate the highest common factor of 51 and l.
3
Let w be (-4)/28*-25470*(2 + (-6 - -11)). What is the highest common divisor of 90 and w?
90
Suppose -195*c - 34435 = -41*c - 103889. Calculate the greatest common divisor of 231 and c.
11
Let t = 42 + -46. Let m be 16 + -12 + t + 2. Suppose 5*q - 20 = -m*y, -4 - 3 = -y - 4*q. What is the highest common divisor of y and 5?
5
Suppose -3*i + 2*v = -136 - 125, -i = -5*v - 87. What is the greatest common factor of i and 3?
3
Suppose 54*z - 36*z + 859320 = 53*z. Calculate the highest common factor of 33 and z.
33
Let o(u) be the third derivative of -u**5/30 + 3*u**4/2 - 5*u**3 - 33*u**2 + 2*u. Let j be o(16). Calculate the greatest common factor of j and 68.
34
Let d = -20 - -52. Let s be 196/56 + 7 + 15/(-6). Calculate the greatest common divisor of s and d.
8
Suppose 5*o = 5*v + 545, 4*o - 222 = 2*o - 2*v. What is the highest common factor of o and 9328?
22
Let x(g) be the first derivative of 3*g**2/2 + 57*g - 175. Let f be x(-16). What is the greatest common factor of 33 and f?
3
Suppose 8*q = 12*q + 2644. Let n = -646 - q. Let i(s) = -8*s - 1. Let m be i(-2). Calculate the greatest common divisor of n and m.
15
Let s = 84 - 75. Let r(a) = a**2 - 10*a + 12. Let o be r(s). Let m be o/6 + 1785/10 + 1. What is the highest common divisor of m and 36?
36
Let s(p) = 854*p + 4298. Let y be s(-5). What is the highest common divisor of 76 and y?
4
Let l = -5847 + 8300. What is the greatest common divisor of 669 and l?
223
Let l = 3143 - 3133. Suppose 5*s = 156 + 94. Calculate the highest common divisor of s and l.
10
Suppose -49*a + 99 + 80 = -164. Suppose 3*u + 2*u - 30 = 0. Suppose -y + 8 = -u. What is the greatest common factor of a and y?
7
Suppose 2*f + 2*j - 16762 = 0, 3*f + j - 7804 = 17339. Calculate the greatest common factor of 29 and f.
29
Suppose 461 = 12*m - 583. What is the highest common factor of m and 1160?
29
Let y be 4 - 156/42 - 4/14. Let n(a) = a + 16. Let v be n(y). Suppose 2*j - 357 = 5*s, -5*j = 2*s + s - 877. Calculate the greatest common divisor of j and v.
16
Suppose 4*l = h + 2639, 0 = l - 6*h + 8*h - 662. Let y = -639 + l. What is the highest common factor of y and 693?
21
Let j be (-127)/(-3) + (-658)/(-141). What is the greatest common factor of j and 31?
1
Suppose 26629 - 17517 = 8*z - 22952. Calculate the highest common divisor of z and 4342.
334
Let j(u) be the third derivative of u**5/30 - u**4/12 + 154*u**2 - 2*u. Let n be j(-9). What is the highest common factor of n and 100?
20
Let o(f) = 5*f**2 + 76*f + 1061. Let u be o(-13). What is the greatest common factor of 270 and u?
54
Let y be (10 + -5)*-815*14/(-175). What is the highest common factor of y and 10432?
326
Let i = 761 - 719. What is the highest common divisor of i and 19950?
42
Let d(t) = 180*t + 1662. Let k be d(-9). What is the highest common divisor of k and 1106?
14
Suppose -4*q + 5*u + 8022 = 0, -20*u = -22*u + 12. Calculate the highest common divisor of q and 121.
11
Let t be 40/(-160) - (-826)/8. Suppose 102*q + 486 = t*q. Calculate the greatest common factor of q and 9.
9
Let l be (36/4)/((-15)/(-20)). Suppose -l = -3*h + 2*h. What is the highest common factor of h and 9?
3
Suppose 19*u + 27*u - 44*u - 52 = 0. Calculate the greatest common factor of u and 2509.
13
Let a(r) = 28*r - 118. Let l be a(18). Suppose -l*d = -389*d + 48. Suppose -3 = -t - 2, -21 = -p - 5*t. Calculate the greatest common divisor of p and d.
16
Let b = -2361 + 2397. What is the highest common factor of b and 588?
12
Let g(d) = 4*d - 2. Let l be g(4). Let p be (-1 - 1) + 9/((-18)/550). Let q = p - -389. Calculate the highest common factor of q and l.
14
Suppose 13 - 4 = -3*z. Let w be z + 1 + ((-2)/(-1) - -182). What is the highest common factor of w and 14?
14
Let d = 2104 - 2098. What is the greatest common factor of 111 and d?
3
Let h be (-5)/(280/(-16)) - (-136)/14. Let y(l) = l**2 - 6*